- 3263 + 8917 - p**2. Is y(0) a prime number?
True
Suppose -5*w + 31 = 2*l - 15, 0 = -3*w - 2*l + 30. Suppose 3*d - v + 3 = 2*v, -w = -2*v. Is (-5)/d + 1 + (-5685)/(-9) a prime number?
True
Let w be -480 + (-2)/(2/(-1)). Let v(k) = k**3 + 92*k**2 + 163*k + 192. Let x be v(-90). Let h = w + x. Is h a composite number?
True
Is 235251/1 - (-20)/2 prime?
False
Let h(k) = k**3 - 16*k**2 - 2*k + 4. Suppose -3*j - i - 18 = 0, 3*j + 10*i = 14*i - 18. Let s(g) = g**2 + g - 13. Let t be s(j). Is h(t) a prime number?
False
Suppose -954696 = -57*f + 33*f. Is f composite?
False
Let y = -273409 + 801968. Is y a prime number?
True
Suppose 3645 = -6*p + 10857. Let a be (p*((-2)/(-4) + -2))/(-1). Suppose h - a = -214. Is h composite?
True
Is 64542665/35 - (-7 + (-645)/(-105)) a prime number?
True
Let a = 183 + -191. Is (1398/(-24) - a)*16/(-6) prime?
False
Let d = -207 - -225. Suppose 20986 + 3296 = d*j. Is j a prime number?
False
Suppose 2775982 = n - 1011083. Is n/1495 - (-2)/(-13) a composite number?
True
Let g(b) = 790*b**2 + 2*b + 1. Let r(j) = -1579*j**2 - 5*j - 2. Let u(s) = 9*g(s) + 4*r(s). Is u(-1) a prime number?
True
Let j(y) = 57*y**2 + 7*y + 24. Let o be j(-11). Suppose -x + 3*x = 2*t + o, 0 = 2*t - 10. Is x composite?
True
Let j(f) = -8 - 2*f**3 + 0*f**3 + 51 + 22*f + 38*f**2. Is j(18) a prime number?
True
Let l = -521 - -526. Suppose -3*a = g - 1334, -l*a - 1203 = -2*g + 1410. Is g prime?
True
Let d = 19 + -15. Let m(y) = -y**2 + 20*y - 39. Let g be m(19). Is d*((-1575)/g - 2) a composite number?
False
Let f = 641636 + -329629. Is f prime?
True
Let i(r) = 65*r**2 - 3*r - 19. Let z be i(16). Suppose 0 = 18*l - 68189 - z. Is l composite?
True
Suppose 3*b = 5*g + 55426, 5*b + 3*g + 15369 = 107757. Suppose 49859 = 16*l - b. Is l prime?
True
Let s(g) = g + 1. Let v be s(3). Suppose -v*m - 2*o = o - 156, 0 = 3*m + o - 122. Suppose w + w = m. Is w a prime number?
False
Suppose 0 = 9*p - 7*p. Let k be p + 11 + (1 - 4). Suppose -4*b + 576 = 4*i, 7 + k = -3*b. Is i a composite number?
False
Suppose 0 = -s - 2 + 8. Suppose s*x + 144 - 1104 = 0. Let v = x - -247. Is v composite?
True
Let b(n) = n**2 - 13*n + 44. Let u be b(10). Suppose 3*q + 18*k - u*k = 42751, -2*q = 3*k - 28500. Is q a prime number?
False
Suppose 4*l = 24*l + 10*l - 34161090. Is l a composite number?
False
Let q = -1443 + 2491. Suppose 4*s - q = -20. Is s prime?
True
Let n be (-1)/(-6 - -5) - 1. Suppose 0 = -3*d - 4*x + 23, -d = 4*d - 2*x - 21. Suppose n*b + d*f + 6193 = 2*b, -3*b + 3*f = -9312. Is b a prime number?
True
Is 4 - 3/15*10 - -332391 a composite number?
False
Let c(n) be the third derivative of 17*n**2 - 7/6*n**3 + 3/5*n**5 + 0 + 0*n + 13/24*n**4. Is c(5) a composite number?
True
Let m be 12/(-30) + 86/(-10). Let o(b) = 2*b**2 + 24*b - 22. Let l(f) = -2*f**2 - 23*f + 22. Let d(z) = 6*l(z) + 5*o(z). Is d(m) prime?
False
Let g(r) = 4*r**2 - 230*r - 31. Is g(-13) a composite number?
True
Suppose 12 = 6*g - 2*g. Let r(x) = x**2 - 6*x + 4. Let u be r(6). Suppose -3*c + 0*c = -4*i - 1138, u*c + g*i - 1534 = 0. Is c a composite number?
True
Suppose 29*f - 49*f - 74320 = 0. Is (24/(-48))/(-1 + (-3715)/f) composite?
True
Let k(i) = 2*i**2 + 4*i. Let o be k(-3). Suppose -14*z = -11*z - o. Suppose 0 = -q + 151 - z. Is q a prime number?
True
Is (-112644261)/(-779) + (40/(-19) - -2) + 6 composite?
True
Is ((-56260)/(-16) - 17)/(1/28) composite?
True
Let o(w) = 11054*w**2 - 22*w + 481. Is o(10) a composite number?
False
Let t(k) = 11*k + 29*k - 64 + 61. Let d be t(2). Suppose 0 = -2*y + 241 + d. Is y prime?
False
Let r(h) = -h**3 - 20*h**2 + 22*h + 12. Let j be r(-21). Let a be (-4)/((-3)/(j/(-6))). Suppose 6*m - 2732 = a*m. Is m composite?
False
Let v(l) = -43*l**3 - 4*l**2 - 7*l - 11. Let i be v(-5). Suppose -2*a = 1293 - i. Suppose 9*y = a + 1948. Is y a prime number?
True
Let k(x) = -x + 6. Let a be k(-6). Let l(b) = -b**2 + 12*b - 27. Let m be l(a). Is 6/m + (-2852)/(-36) a prime number?
True
Is (11026134/1260)/((-2)/(-20)) composite?
False
Let q = 34780 + -63956. Is (-1)/(-1 - q/29180) a prime number?
False
Let d = -45 - -49. Let s be -75*(-1 + 0/d). Suppose 0 = h - 2*g - s, 403 = 5*h - 0*g - 3*g. Is h composite?
False
Let d(w) = -w**2 - 7*w + 120. Let v be d(-13). Is (-24830)/(-7) + (-6)/v prime?
True
Let n(p) = -2027*p - 65. Let g be n(12). Is 18/(-99) + g/(-11) a composite number?
True
Suppose -22*l - 65256 = -504046. Is l composite?
True
Let j = -430646 + 1008025. Is j a prime number?
False
Let z(a) = 6*a**3 - 12*a**2 - 20*a + 9. Is z(13) prime?
True
Is ((-946938)/(-15))/((14/(-5))/(-7)) composite?
False
Let i(g) = -g**3 + 0*g**2 + 525 - 2*g**2 + 3*g**2 + 788. Is i(0) a composite number?
True
Suppose 2*w - 6*w = 5*c - 3, -3*w - c + 16 = 0. Let h = w - 5. Suppose -2*q + 1161 = y + 3*q, -3*y + h*q = -3449. Is y composite?
False
Let z = 26732 + 4305. Is z prime?
False
Suppose 2*r + 50 = -4*a, 2*a + 2*r + 19 = -11. Is 35/a*5526/(-9) prime?
False
Is (4 - -2) + -2 + 69899 + 16 composite?
True
Let g(j) = -1839*j - 188. Is g(-71) composite?
True
Let l = 46442 + -21383. Is l prime?
False
Let u = 471 - 317. Let f = 1343 - u. Is f a composite number?
True
Let g be -4 - (-14 + (-2)/1). Let q(h) = 17*h**2 + 21*h + 5. Is q(g) composite?
True
Is 5/(30/2071088) + ((-374)/33 - -11) prime?
True
Let c = 419895 - 274828. Is c prime?
False
Let l = -1390 - -1215. Suppose -q = -63 + 579. Let t = l - q. Is t prime?
False
Suppose 5*j - 3*w = 17, 5*j - 4*w - 12 - 4 = 0. Let y(f) = 1043*f + 29. Is y(j) a composite number?
False
Let x(l) = 14*l + 173. Let u be x(-12). Suppose 5*p = 4*r - 42287, 42*p + 52867 = u*r + 44*p. Is r a prime number?
False
Let c(r) = 287*r**2 - 357*r + 17. Is c(36) a composite number?
True
Suppose -1435876 = -2*f + 808*b - 807*b, -10 = 5*b. Is f prime?
False
Is 163349/(((-16 - -3)/(-26))/(4/8)) composite?
True
Let a be -1986*185*(5 - (-292)/(-60)). Let m = 90443 + a. Is m a composite number?
True
Let f(w) = -26662*w**3 + 6*w**2 - 3. Is f(-1) a prime number?
False
Let f(s) = -92*s**3 - 6*s**2 - 14*s - 9. Let y(j) = -2*j + 38. Let x be y(21). Is f(x) a prime number?
True
Let p(c) be the second derivative of 28*c**3/3 + 37*c**2 + 2*c - 1. Is p(22) composite?
True
Let t(g) = -220471*g**3 + 8*g**2 + 27*g + 17. Is t(-1) a composite number?
False
Let r(s) = -s**3 + 7*s**2 + 10*s - 12. Let y be r(8). Let a = 84 + -80. Suppose v + y*t = 271, -2*v - v - a*t + 773 = 0. Is v composite?
False
Let l(p) = 319*p + 133. Let j be l(-9). Let k = -535 - j. Is k a composite number?
False
Let d = 119639 - -16982. Is d composite?
False
Suppose 19*d + 113076 - 293321 = 87142. Is d a composite number?
True
Suppose -7*f + 937 = -6*f. Suppose f = -43*v + 44*v. Is v composite?
False
Let b(r) = 6*r + 5. Let q(p) = -7*p - 6. Let y(j) = -3*b(j) - 2*q(j). Let x be y(-2). Suppose 0 = x*f + 142 - 2537. Is f a composite number?
False
Let t be 870/180 + 2/12. Suppose -2*o + 3*u = -6314, 0*o + 5*o - t*u = 15795. Is o composite?
False
Let b = 1051636 - 373731. Is b a prime number?
False
Let s = 34 + -19. Suppose -2*q = -4*c + 16, 0 = -c - 7*q + 2*q + s. Is (-4)/c*(-370)/4 a composite number?
True
Let a be -4*-693*(-4)/(-16). Let n be ((-673)/4)/((-142)/(-24) + -6). Suppose -c - b + a = 3*b, 0 = 3*c - 3*b - n. Is c a composite number?
False
Suppose 4*y - 5*w - 14 = -3*w, y + 5*w - 9 = 0. Suppose -5*g = -y*n + 799, 2*n - 4*g + 5*g - 403 = 0. Is n prime?
False
Let r(y) = -14595*y + 5447. Is r(-22) prime?
True
Let p be (-3)/(-18) + (-3)/36*1358. Let x = -133 + 625. Let k = p + x. Is k prime?
True
Let u = 217619 + -122016. Is u a prime number?
True
Suppose 18 = 5*o - 12. Suppose -2*t - t = -o. Suppose 0 = t*k + 3*k - 13805. Is k a composite number?
True
Let f = 44 - 40. Suppose 0 = 12*x - 13*x + 4. Suppose 5*c - x*i - 1095 = 0, -219 = -c + f*i + i. Is c composite?
True
Let v(y) = y**3 - 18*y**2 - 8*y + 16. Let m(r) = 2*r**3 - 37*r**2 - 16*r + 32. Suppose 3*s - 9 = -24. Let a(w) = s*v(w) + 2*m(w). Is a(11) composite?
False
Let k = -7265 - -16192. Let z = 12720 - k. Is z a composite number?
False
Suppose 8*k + 4 = 92. Is (-11)/(k/2) + 11059 a composite number?
False
Suppose s = -r + 5*r - 8, 5*r = -5*s + 35. Is 0*s/(-28) - -11246 composite?
True
Let m = -4197 + 8889. Suppose 0 = -5*n - 2*u + 11770, n - 4*u = 3*n - m. Suppo